40 and 10?
10
What is the greatest common factor of 64 and 3008?
64
Calculate the highest common factor of 242 and 110.
22
What is the greatest common divisor of 96 and 108?
12
What is the highest common factor of 14 and 406?
14
Calculate the greatest common factor of 711 and 9.
9
What is the highest common divisor of 4807 and 1771?
253
What is the highest common factor of 629 and 851?
37
What is the greatest common divisor of 112 and 700?
28
What is the greatest common divisor of 215 and 172?
43
Calculate the highest common factor of 893 and 19.
19
Calculate the greatest common factor of 675 and 25.
25
What is the highest common factor of 768 and 2016?
96
What is the highest common divisor of 99 and 561?
33
What is the highest common factor of 9412 and 65?
13
Calculate the highest common factor of 10 and 290.
10
Calculate the highest common factor of 342 and 4028.
38
What is the highest common divisor of 30 and 120?
30
What is the greatest common factor of 2 and 600?
2
What is the greatest common factor of 1696 and 64?
32
What is the greatest common divisor of 190 and 456?
38
What is the greatest common divisor of 1827 and 42?
21
Calculate the highest common divisor of 15 and 885.
15
Calculate the greatest common divisor of 135 and 795.
15
Calculate the greatest common factor of 690 and 6762.
138
Calculate the highest common divisor of 8 and 164.
4
What is the highest common divisor of 30 and 645?
15
Calculate the greatest common divisor of 19094 and 2.
2
What is the highest common divisor of 17 and 73?
1
Calculate the highest common factor of 21029 and 17.
17
Calculate the greatest common factor of 18 and 54.
18
What is the greatest common factor of 2125 and 725?
25
Calculate the highest common divisor of 51 and 15.
3
What is the greatest common divisor of 6939 and 81?
27
Calculate the highest common factor of 266 and 3838.
38
What is the highest common divisor of 28 and 164?
4
What is the highest common divisor of 2100 and 40?
20
Calculate the highest common factor of 398 and 199.
199
What is the greatest common factor of 2 and 2?
2
Calculate the greatest common factor of 44 and 223.
1
Calculate the greatest common factor of 3127 and 59.
59
Calculate the highest common factor of 648 and 1152.
72
What is the greatest common factor of 142 and 41038?
142
What is the highest common divisor of 30 and 2030?
10
Calculate the highest common divisor of 20 and 25.
5
Calculate the greatest common factor of 1672 and 6897.
209
What is the highest common divisor of 45 and 585?
45
Calculate the greatest common factor of 30 and 510.
30
What is the highest common divisor of 516 and 324?
12
Calculate the highest common divisor of 42 and 7875.
21
Calculate the greatest common factor of 1445 and 255.
85
What is the greatest common divisor of 1088 and 17?
17
What is the highest common divisor of 341 and 31?
31
Calculate the greatest common divisor of 1854 and 824.
206
What is the highest common factor of 220 and 3410?
110
Calculate the highest common factor of 10778 and 34.
34
Calculate the highest common divisor of 156 and 312.
156
Calculate the highest common factor of 10 and 4150.
10
What is the highest common divisor of 21 and 1029?
21
What is the greatest common factor of 336 and 20?
4
What is the greatest common divisor of 304 and 893?
19
What is the highest common divisor of 2396 and 16?
4
Calculate the highest common divisor of 56902 and 46.
46
Calculate the highest common divisor of 8 and 1384.
8
What is the greatest common factor of 288 and 27?
9
Calculate the greatest common factor of 297 and 1584.
99
Calculate the highest common divisor of 11045 and 235.
235
What is the greatest common divisor of 73892 and 58?
58
What is the highest common factor of 6 and 32496?
6
What is the highest common factor of 22 and 352?
22
Calculate the greatest common factor of 339 and 9718.
113
What is the highest common divisor of 15159 and 31?
31
What is the highest common factor of 1950 and 52?
26
Calculate the greatest common divisor of 492 and 205.
41
Calculate the greatest common factor of 60 and 80.
20
What is the greatest common divisor of 39037 and 103?
103
What is the greatest common factor of 99396 and 396?
396
What is the greatest common divisor of 82 and 2?
2
What is the greatest common divisor of 1080 and 520?
40
Calculate the greatest common factor of 80 and 70.
10
Calculate the greatest common factor of 21900 and 600.
300
Calculate the greatest common divisor of 1085 and 1705.
155
Calculate the greatest common factor of 220 and 20.
20
Calculate the greatest common factor of 5 and 10.
5
What is the highest common divisor of 849 and 9?
3
Calculate the highest common factor of 75 and 725.
25
What is the greatest common divisor of 84 and 4?
4
What is the greatest common divisor of 15 and 375?
15
What is the highest common divisor of 85 and 680?
85
What is the highest common factor of 142 and 6887?
71
What is the highest common factor of 78 and 1118?
26
What is the greatest common factor of 5982 and 24?
6
What is the highest common factor of 3 and 11469?
3
What is the greatest common divisor of 60 and 1290?
30
What is the highest common divisor of 3780 and 140?
140
What is the highest common divisor of 23 and 31901?
23
Calculate the highest common factor of 2485 and 35.
35
What is the highest common factor of 129 and 10707?
129
Calculate the highest common factor of 7 and 63.
7
Calculate the greatest common factor of 26 and 143.
13
What is the highest common divisor of 52 and 468?
52
What is the greatest common factor of 16 and 24?
8
What is the highest common factor of 204 and 996?
12
Calculate the greatest common factor of 3940 and 180.
20
What is the greatest common divisor of 138 and 253?
23
What is the greatest common divisor of 2530 and 330?
110
Calculate the highest common factor of 132 and 88.
44
What is the greatest common divisor of 230 and 575?
115
What is the greatest common divisor of 6754 and 22?
22
What is the highest common divisor of 1413 and 108?
9
Calculate the highest common factor of 144 and 16.
16
What is the highest common factor of 26 and 182?
26
Calculate the highest common divisor of 589 and 38.
19
Calculate the highest common factor of 70 and 3430.
70
Calculate the greatest common divisor of 32 and 1952.
32
What is the greatest common factor of 1040 and 78?
26
What is the highest common divisor of 54 and 3678?
6
What is the highest common divisor of 25 and 575?
25
Calculate the highest common divisor of 44 and 33.
11
Calculate the greatest common divisor of 15 and 45.
15
Calculate the highest common factor of 6433 and 7.
7
Calculate the highest common divisor of 8 and 236.
4
Calculate the highest common divisor of 22 and 132.
22
What is the greatest common factor of 384 and 24?
24
What is the highest common divisor of 2108 and 68?
68
Calculate the greatest common divisor of 1118 and 1376.
86
Calculate the greatest common factor of 76 and 798.
38
What is the highest common divisor of 36 and 63?
9
What is the greatest common divisor of 54 and 2508?
6
What is the highest common factor of 5 and 32?
1
What is the highest common divisor of 682 and 310?
62
Calculate the greatest common factor of 85 and 20.
5
What is the highest common divisor of 63 and 329?
7
Calculate the highest common divisor of 2673 and 3.
3
What is the highest common factor of 45 and 1080?
45
What is the greatest common divisor of 258 and 817?
43
What is the highest common factor of 260 and 52?
52
Calculate the highest common divisor of 148 and 92.
4
What is the greatest common divisor of 30 and 75?
15
Calculate the highest common divisor of 31425 and 75.
75
Calculate the greatest common divisor of 238 and 102.
34
Calculate the greatest common divisor of 28 and 64.
4
What is the greatest common divisor of 915 and 122?
61
What is the greatest common factor of 5238 and 6014?
194
Calculate the greatest common divisor of 774 and 1204.
86
What is the greatest common factor of 154 and 6688?
22
Calculate the highest common divisor of 4147 and 429.
143
What is the highest common factor of 9 and 9297?
9
What is the highest common divisor of 140 and 1050?
70
What is the highest common divisor of 76 and 1786?
38
Calculate the highest common factor of 192 and 66.
6
What is the